*c. What is the remainder when 3*9 - (-1)/c is divided by 10?
8
Let t = 25 + -15. Suppose 2*k = t - 0. What is the remainder when k is divided by ((-2)/(-3))/(12/54)?
2
Suppose 0 = -u + 2*u - 16. Let w = u + -11. Suppose 0*l - 5*l + 15 = 0. Calculate the remainder when w is divided by l.
2
What is the remainder when -1 - -63 - (-9)/3 is divided by 34?
31
Let b(m) be the third derivative of m**5/60 + m**4/12 - 5*m**3/6 + 2*m**2. Calculate the remainder when 27 is divided by b(-5).
7
Let o(q) = 2*q**2 - 6*q + 2. Calculate the remainder when o(7) is divided by 10.
8
What is the remainder when 57 is divided by (16/(-12))/(2/(-15))*3?
27
Let a(n) = n + 60. Let v(m) = -1 + 5 + 0*m**2 + m**3 - 9*m - 4*m**2. Calculate the remainder when a(5) is divided by v(6).
21
Let n = 4 - -8. What is the remainder when 0 - (-50 - (3 - 7)) is divided by n?
10
Suppose 10*l - 3*l - 175 = 0. Suppose 18 = -k + 3*k. What is the remainder when l is divided by k?
7
Let i = -8 - -7. Let y be i/(-4) - (-31)/4. Suppose 0 = 2*s - y, -2*t + 12 = -3*s - 6. Calculate the remainder when 29 is divided by t.
14
Let z be 17/5 + (-6)/15. Let j(k) = 2*k**2 + k - 4. Calculate the remainder when j(z) is divided by 13 + 1 - (-10)/(-2).
8
Let a(v) = v**3 + 4*v**2 + 3. Let c be a(-4). Suppose -c*w + 20 = -w. Suppose -5*b = -w - 45. What is the remainder when 31 is divided by b?
9
Suppose 153 = 5*n - 212. Suppose 8*a - 83 = 3*a - 3*m, 4*a - 72 = -m. What is the remainder when n is divided by a?
16
What is the remainder when (1/2)/((-2)/(-64)) is divided by -8 + 8 + (9 - 0)?
7
Let p be (46/4)/(3/12). Suppose -5*s + 2*w = -133 - 123, -3*w - p = -s. Suppose c + 51 = 3*d + 4*c, 2*d - 37 = c. What is the remainder when s is divided by d?
16
Let t(u) = 4*u - 3. Let x be t(6). Suppose 0*j - 3*j + x = 0. What is the remainder when 19 is divided by j?
5
Let c = -10 + 20. What is the remainder when 79 is divided by c?
9
Suppose 5*g - t - 45 = 0, 0*g + 2*t = -4*g + 22. Let u = -5 + 9. Suppose -u*x + 93 = j, -j + 7 = -x + 24. What is the remainder when x is divided by g?
6
Let n(m) = 17*m**3 - m**2 + 2*m - 1. Suppose 3*f + 0 - 11 = -2*b, 2*b - 8 = -2*f. Calculate the remainder when 50 is divided by n(b).
16
Suppose -3*s + 241 - 58 = 0. What is the remainder when s is divided by 32?
29
Let j = -140 - -206. Let l(h) = -5*h - 2. Calculate the remainder when j is divided by l(-5).
20
Suppose -1 = -4*f + 3*c, -5*c - 29 + 10 = 2*f. Let k = f - -4. Calculate the remainder when (4/5)/((-1)/(-5)) is divided by k.
0
Let d = 26 - 40. Let o = -4 - d. Let r(k) = -k**3 + 9*k**2 - 9*k - 7. Calculate the remainder when r(7) is divided by o.
8
What is the remainder when 58 is divided by ((1 - -3) + 0)/((-4)/(-12))?
10
Suppose 3*q - 108 + 18 = 0. Suppose -3*b + w = -5*b + q, -3*w = 5*b - 74. Calculate the remainder when 46 is divided by b.
14
Let k(l) = -l**2 + 5*l + 6. Let f be k(6). Let y = 60 + -35. Suppose -q + y = -f*q. Calculate the remainder when q is divided by 13.
12
Suppose -65 = -5*o + 5*t, 3*o - t - 32 = 9. Calculate the remainder when 81 is divided by o.
11
Suppose -c + 5*c - 4*w = -4, -3*w + 3 = 4*c. Suppose 2*h = d - 4, 3*h + c*h - 71 = -4*d. Calculate the remainder when 41 is divided by d.
13
Suppose f + f + 622 = 0. Let i = -206 - f. Suppose -d - i = -4*d. What is the remainder when d is divided by 12?
11
Let q = -57 + 64. Suppose -4*k - k + 2*a = -98, 5*k - 5*a = 95. What is the remainder when k is divided by q?
6
What is the remainder when (-5)/((-40)/348) - (-2)/4 is divided by 15?
14
Let p = 229 - 201. Suppose 0*l = -l - 1. What is the remainder when p is divided by 0/l + 2*5?
8
Let r = 27 + -22. Let l(o) be the second derivative of 5*o**4/6 - o**2/2 + o. Calculate the remainder when l(-1) is divided by r.
4
Let w(v) = -2*v + 119. Calculate the remainder when w(0) is divided by 10.
9
Suppose -3*g + 2*g = 20. Calculate the remainder when 49 is divided by (-52)/g*5/1.
10
Suppose 3*i + 43 - 120 = -4*w, 3*w - 45 = 2*i. Suppose 4*r = -16, 0*j - 3*j = -3*r - 30. Calculate the remainder when w is divided by j.
5
What is the remainder when 68 is divided by 2/3 - (-954)/27?
32
Suppose 0 = j + 4*j + 405. Let p = j + 158. Let v = p + -42. What is the remainder when v is divided by 19?
16
Suppose -4*b + 6 + 10 = 0. Suppose 0 = 2*q + 5*t - 0*t - 30, -3*t = 5*q - 56. Calculate the remainder when q is divided by b.
2
Let d(g) = -g + 2. Calculate the remainder when (12/(-2))/3 - -14 is divided by d(-3).
2
Let f = 29 + -24. Calculate the remainder when 14 is divided by f.
4
Suppose -32 - 23 = -5*u + 3*z, 5*u - 45 = z. Calculate the remainder when u is divided by 6.
2
Let a be (2/3)/(9/(-27)). Calculate the remainder when 67/3 + 1/(-3) is divided by a + -1 + (-18)/(-2).
4
Let i = 10 + -6. Let u = -6 + i. Calculate the remainder when 2 is divided by u/4*(3 + -5).
0
Let w(f) = 6*f + 52. What is the remainder when 28 is divided by w(-6)?
12
Let a(d) = d + 2. Let i be a(0). Calculate the remainder when 12 is divided by i/((4/(-10))/(-1)).
2
Calculate the remainder when 1 - (-85 - (-6)/(-2)) is divided by 23.
20
Suppose 0 = 2*c + 4*x - 8, -2*x = 2*x - 20. Let m be (-3)/c*6 + 1. Suppose -5*z + m*z + 6 = 0. What is the remainder when 15 is divided by z?
3
Suppose 4*k - 40 = -k. What is the remainder when 38 is divided by k?
6
Let a = 65 - 25. Let m(b) = b**2 + 5*b + 3. Let f be m(-6). Calculate the remainder when a is divided by 64/3 + (-3)/f.
19
Let g(i) = -i**2 + 7*i - 7. Let b be 6/2 + -4 + 3. Suppose b*t - 4*t + 10 = 0. Calculate the remainder when 5 is divided by g(t).
2
Suppose -2*g + 26 + 14 = 0. Let m(f) = -8*f - 2. Calculate the remainder when m(-5) is divided by g.
18
Let o be -1 + 1 - (7 - 1). Let b(y) = -3*y + 2. Calculate the remainder when 1/(-4) + (-459)/(-12) is divided by b(o).
18
Let i = 3 + 11. What is the remainder when 55 is divided by i?
13
Suppose 2*y + 14 = -5*s - 25, -3*s = -5*y + 11. Let z(g) = -g**3 + 6*g**2 - 4*g + 2. What is the remainder when (s + 6)/(2/(-26)) is divided by z(5)?
6
Suppose 53 = 3*d - 217. What is the remainder when d is divided by (1*-2)/(1/((-23)/2))?
21
Let a = -103 - -221. Calculate the remainder when a is divided by 31.
25
Let o = -7 + 22. Let r(b) = 4*b**3 + b. Let s be r(1). Suppose 4*u - 37 = -4*a + 35, -s*u - o = -2*a. What is the remainder when a is divided by 8?
7
Suppose 2*i - 6 = -2*l, -2*i - 15 = -7*i + 5*l. Calculate the remainder when ((-28)/(-10))/(i/30) is divided by 10.
8
Suppose 0*j = 2*l + j - 33, -l + 3*j = -34. Suppose -2*y + 10 = -0*y. What is the remainder when l is divided by y?
4
Let f be 25/35 - (-2)/7. Suppose -q + f = -1. Let o = 1 + 1. What is the remainder when q is divided by o?
0
Suppose 3*v - 12 = -w + 2, -5*v + 5 = 0. Let m = 38 + -18. Calculate the remainder when m is divided by w.
9
Suppose -2*j + 37 = -z, 5*z + 21 = -4. Let x(i) = -23*i + 1. Let f be (-1)/(-2*2/(-8)). Calculate the remainder when x(f) is divided by j.
15
Let r(b) = -11*b - 10. What is the remainder when r(-6) is divided by 29?
27
Suppose -2*p = -6*p + 32. Suppose -46 = -2*m - 4. Calculate the remainder when m is divided by p.
5
Suppose 4*z - 18 = -2*v, -4*z + 11 = 3*v - 8*v. Calculate the remainder when z is divided by 3.
1
Let q = -139 - -202. Calculate the remainder when q is divided by 33.
30
Suppose -j = -3*j + 10. Let i = 4 + j. Suppose 0 = 2*q - 3*o - 17, q + 4 = -0*q + 4*o. What is the remainder when q is divided by i?
7
Let g(s) = 7*s - 3. Suppose -16 = -2*l + 18. Calculate the remainder when g(5) is divided by l.
15
Let z = -4 + 5. Suppose -z = -5*a + 9. Calculate the remainder when a is divided by 4 + (-3)/((-3)/(-2)).
0
Let r be -2 + (-1)/(3/(-6)). Let b = 2 - r. What is the remainder when 3 is divided by b?
1
Let n(q) = q**2 + q + 3. Let h be n(0). Suppose h*d + d - 12 = 0. Suppose 3*k = -j - 3, 0 = k + d - 1. What is the remainder when 7 is divided by j?
1
Let w = -3 + 62. What is the remainder when w is divided by 20?
19
Let x(l) = 11*l - 5. Let i be x(5). Suppose -2*q + i = 3*q. Calculate the remainder when q is divided by 4.
2
Let a(z) = 2*z**2 + 8*z + 6. Let l be a(-6). What is the remainder when 6 is divided by (12/10)/(9/l)?
2
Suppose -41 + 1 = -4*a. What is the remainder when a is divided by 6?
4
Let q = 11 - -8. Suppose 0*i = -i + q. What is the re